actor of w and o.
2
Let a be 1 - (6/(-2))/1. Let p be (-30)/35*(-2 - -9). Let n be a/3*(6 - p). What is the greatest common divisor of 4 and n?
4
Let s(x) = -29*x - 18. Let y be s(-26). What is the greatest common divisor of 69 and y?
23
Let k be (-152)/14 + 2/(-14). Let z be 0 - k*(-3 + 9). Let l(b) = b**2 + 5*b + 6. Let w be l(-5). What is the highest common divisor of z and w?
6
Let h be (-13 + -75)/11*-2. Suppose -u + 49 = -0*u - 3*r, 4*r = -4*u + 148. Calculate the greatest common divisor of u and h.
8
Let z(j) = 4*j**2 - 10*j + 6. Let r be z(14). What is the highest common factor of 26 and r?
26
Let n = 39 - 57. Let h be 8*2/(-4) + -6. Let g be h/(-6)*(-3 - n). Calculate the greatest common divisor of g and 275.
25
Let k = 24 + -119. Let v be 4/14 + k/(-35). Let i be ((-4)/(-5))/(4/30). Calculate the highest common divisor of v and i.
3
Suppose 5*u - 16*j + 12*j - 110 = 0, 41 = 2*u - j. What is the highest common factor of 14 and u?
2
Let a(c) = -5*c**2 - 33*c + 1. Let o be a(-6). Calculate the highest common divisor of o and 703.
19
Suppose 0*q - 7225 = -5*q. Let p = q - 2103. Let x be (1 - 0) + p/(-14). Calculate the greatest common divisor of x and 32.
16
Suppose 0 = -4*n - 19 - 437. Let m = n + 136. Calculate the highest common divisor of 44 and m.
22
Suppose 326*u - 367*u + 820 = 0. What is the highest common divisor of 128 and u?
4
Let q(k) = 5*k**3 + 205*k**2 - 4*k - 98. Let d be q(-41). Calculate the highest common factor of d and 6.
6
Suppose -75 = -4*q + n + 4*n, 0 = -q + 2*n + 21. Suppose -4*p + 2*p = 3*z - 16, 5*p - 13 = -3*z. What is the highest common factor of z and q?
3
Suppose -9 = 4*l - 105. Let j = 121 + -143. Let f = l - j. Calculate the highest common divisor of 23 and f.
23
Let x(a) = -a**3 + 5*a**2 + 5*a - 7. Let b be x(4). Let n(l) = -l**3 + 28*l**2 + 31*l - 30. Let w be n(b). Calculate the greatest common divisor of w and 70.
14
Let v = 53 - 77. Let a = v + 26. What is the highest common divisor of a and 1?
1
Let l be 2 + 3/(-1)*-1. Let j = -6 - -10. Suppose j*u = l*u - 25. Calculate the highest common divisor of 75 and u.
25
Let u(v) = v**3 + 12*v**2 - 22. Let q be u(-9). Calculate the greatest common factor of 52 and q.
13
Suppose 0*h + 4*t = -5*h + 2070, 2*h = -t + 828. Suppose -4*n + 104 = 2*p, 5*p + 0*p + 5*n = 245. Calculate the greatest common factor of p and h.
46
Let g = -841 + 854. Calculate the greatest common divisor of 1170 and g.
13
Let i = 1642 + -1157. Let h = i - -120. What is the highest common divisor of h and 55?
55
Suppose 80 = -9*w + 584. Calculate the greatest common divisor of 7 and w.
7
Suppose 5*g = 0, 5*i + 5*g = i + 44. Let t be 35/3 - 2/3. What is the highest common factor of i and t?
11
Let q be (56 - -1)*(-1)/(-6)*-2. Let a = q - -30. Let y(t) = 3*t**3 + 3*t**2 + 4*t + 1. Let z be y(3). What is the greatest common divisor of z and a?
11
Suppose 81*l = 71*l + 270. Let x = -371 + 587. What is the greatest common divisor of x and l?
27
Suppose -55*h + 3030 = -8630. Calculate the greatest common divisor of h and 159.
53
Let a(u) = -u**2 - 7*u - 3. Let i be a(-3). Let b(x) = x**3 + 8*x**2 - 11*x - 9. Let v be b(-9). What is the greatest common divisor of i and v?
9
Suppose -94 - 66 = -8*v. Calculate the greatest common divisor of 130 and v.
10
Let c be (1 - 56)*12/30. Let u be c/(-2) - (-4)/1. Let o(w) = -4*w + 12. Let j be o(-12). What is the highest common factor of j and u?
15
Let k(n) = 3*n**2 - 63*n - 106. Let q be k(23). Calculate the highest common divisor of 8 and q.
8
Let d(g) = -58*g - 329. Let n be d(-6). Calculate the greatest common divisor of 1387 and n.
19
Let g = 7 + -8. Let n = g - -3. Calculate the highest common factor of 1 and n.
1
Let o be ((-18)/(-12))/(1/14). Let g(w) = -w**2 - 10*w + 5. Let n(k) = -k**2. Let h be n(-3). Let u be g(h). What is the greatest common factor of o and u?
7
Suppose o + 29 = -22. Let r = o - -106. Calculate the highest common divisor of r and 5.
5
Suppose 2*l - 11 = -33. Let o(r) = 3*r + 37. Let k be o(l). Calculate the greatest common divisor of 2 and k.
2
Suppose t - 15 = 9. Let a(s) = -9*s + 3. Let l be a(2). Let g be 9*(l/(-9) - 1). What is the greatest common divisor of t and g?
6
Let w be (-182)/35 + (-16)/20 + 165. What is the highest common factor of 12 and w?
3
Let w = 501 - 474. What is the highest common divisor of 288 and w?
9
Let y(b) = -3*b - 3 - 2*b - 10*b**2 + 11*b**2 - 24. Let x be y(-9). Calculate the greatest common divisor of 9 and x.
9
Let k be (1 + (4 - -2))*30/42. What is the highest common factor of 20 and k?
5
Let k(d) = -d + 7. Let p be k(5). Suppose -g - 14 = -p*g. Let h = 117 - 19. Calculate the greatest common factor of h and g.
14
Suppose 5*z + 2*n - 4950 = 0, 2*n = -12*z + 10*z + 1986. Calculate the highest common factor of z and 152.
76
Suppose -3 + 15 = 6*x. What is the greatest common factor of 32 and x?
2
Let w(o) be the third derivative of -o**4/4 + 3*o**3/2 - 3*o**2. Let m be w(4). Let t = -2 - m. Calculate the highest common factor of 26 and t.
13
Suppose -17*t = -59*t + 3948. What is the greatest common divisor of t and 94?
94
Let m = -372 + 374. What is the greatest common factor of 18 and m?
2
Let j = -76 + 92. Calculate the highest common factor of 152 and j.
8
Let n = 458 + -816. Let k be n/(-5) + (4/(-5))/(-2). Let s(r) = r**2 - 4*r - 3. Let v be s(-2). What is the greatest common factor of k and v?
9
Suppose -h + 5*h = 40. Suppose -q = 3, 4*q = i - q + 73. Let p = i + 98. What is the greatest common factor of h and p?
10
Let j = 2 - -10. Let l be (2 - (-44)/(-18)) + (-19620)/(-405). What is the highest common factor of l and j?
12
Suppose y + 5 = 10. Suppose 0*b = b - y*n - 146, -3*b + 4*n = -383. What is the greatest common divisor of b and 11?
11
Let f(a) = a**2 - 2*a + 2. Let g be 4*(20/8 + -2). Suppose -2*j - 5 = z + g*j, 4*j + 23 = 5*z. Let o be f(z). What is the highest common factor of 5 and o?
5
Let p(r) = 2*r + 4. Let b be p(5). Let w be (-81)/9 + (21 - -9). What is the highest common factor of w and b?
7
Let t = -59 - -101. Let k = -4 + -11. Let m = 21 + k. What is the greatest common factor of m and t?
6
Suppose -4 + 16 = 4*x + 4*f, 0 = 4*x + 2*f - 16. Suppose -x*b = 0, 3*b + 6 = 2*r - 2. Suppose r = -4*o + 452. What is the highest common divisor of o and 16?
16
Let a(l) be the first derivative of -1/4*l**4 + 4/3*l**3 + 0*l + 7 + 5/2*l**2. Let i be a(4). Calculate the greatest common divisor of 30 and i.
10
Let f(w) = -10*w**2 + 2*w - 4. Let m be f(2). Let d = m - -56. What is the greatest common factor of d and 4?
4
Suppose z + 171 = 5*x, -2*x - 24*z = -22*z - 66. Calculate the highest common divisor of 255 and x.
17
Suppose -2*x + 2*h + 170 = 0, 3*h - 5*h + 178 = 2*x. Calculate the highest common divisor of x and 3.
3
Let z(w) = -w - 3. Let q be z(-2). Let t be q - (-75 + (-1)/1). Suppose 4*x + 112 = 4*f, 4*x + 28 = 2*f - 24. What is the greatest common divisor of f and t?
15
Let a = 80 - 19. Suppose a - 182 = -r. Let b = -26 + 37. What is the highest common factor of r and b?
11
Let b be (44/24)/(((-25)/18)/(-25)). What is the greatest common factor of 36 and b?
3
Suppose 5*b - 4*b + 2*r = 1, 3*b = -4*r - 1. Let f = 3 + b. Suppose -o + 2*o - 14 = f. Calculate the greatest common divisor of 14 and o.
14
Let o = -10 - -22. Suppose -o = -g - 2*g. Suppose -3*n - 5*f = -53, -40 = -0*n - g*n + f. Calculate the highest common divisor of 11 and n.
11
Suppose -18*s + 50*s - 9760 = 0. Calculate the highest common divisor of s and 122.
61
Suppose -1320 = -183*i + 175*i. Let z = -71 - -137. Calculate the highest common divisor of z and i.
33
Let r = -2 + -1. Let s(m) = m**3 + 2*m**2 - 2*m + 2. Let c be s(r). Let y be (c - (-4 + 3)) + 110. What is the highest common divisor of y and 10?
10
Suppose -3*a + p + 8 = 0, a + a - 2 = -p. Let t be 38/4 - 3/a. Calculate the highest common factor of 16 and t.
8
Suppose 0 = 5*j + 15, 4*j = w - 41 + 25. Calculate the greatest common divisor of 54 and w.
2
Suppose 3*l = 2*l + 5. Let h(r) = r**3 + 40*r**2 + 111*r + 25. Let g be h(-37). Calculate the greatest common factor of l and g.
5
Let o be (-10)/(-35) + 276/14. Suppose -5*c + 4*i = -880, c + 2*i + 0*i - 190 = 0. Calculate the highest common divisor of c and o.
20
Let v be (-28196)/(-126) - 4/(-18).